 = 221, 0 = -2*t - b*y + 106. Is t a multiple of 15?
False
Suppose 2*j + 630 = 4*j. Suppose 0 = 4*q - 177 - j. Does 25 divide q?
False
Let w = -2881 + 4213. Is w a multiple of 12?
True
Suppose 0*a - 5*a = -2*l - 25, 10 = 2*a - 2*l. Suppose -2*s - 52 = 2*d + 2*d, -4*d + 186 = -a*s. Let v = s + 59. Is 9 a factor of v?
False
Let a(f) = 708*f**2 + 7*f + 1. Does 18 divide a(-1)?
True
Suppose -2*n + 9 + 1 = 0. Let x(q) = q**3 + 29 - 22 + n*q**2 + q**3 - q**3 - q. Does 7 divide x(-3)?
True
Let c be (18/(-12))/((-2)/(-4)). Let b be (0 - -2)/(1 + c). Let i(k) = 33*k**2 - k. Is 8 a factor of i(b)?
False
Let b(x) = -2*x + 2. Let k be b(-2). Suppose -2*d + 3*n + 81 = 0, -d + k*n = 9*n - 63. Is 6 a factor of d?
True
Let g = -53 - -222. Suppose 2*p = -5*u + g, 23 = 2*p - 3*u - 186. Let s = -50 + p. Is s a multiple of 14?
False
Let k(v) = v**2 + 3*v - 7. Let f be k(-6). Suppose j = 81 - f. Is j a multiple of 14?
True
Suppose -2*z + 122 + 225 = 5*o, -5*o + 15 = 0. Suppose 2*q - 2*a = 242, 4*a = -3*q + z + 204. Suppose -5*c + 188 + q = 0. Does 17 divide c?
False
Let c(f) = 2*f - 7. Let o be c(5). Suppose 79 = 4*h - 5*u, o*h - 3*u = 2*u + 63. Is 8 a factor of h?
True
Suppose -309 = -5*v + 2*u - 0*u, -3*v = 4*u - 201. Suppose 4*g - 3*m - 337 = 0, 0*g - 5*m = -g + v. Does 29 divide g?
False
Suppose 66*i + 16470 = 75*i. Is i a multiple of 94?
False
Let v = 19 + 177. Suppose -k = 6*k - v. Is k a multiple of 28?
True
Suppose -13*s + 1103 = -392. Is 7 a factor of s?
False
Let o = -144 - -247. Suppose -5*w = g - 92, -2*w + 380 = 5*g - o. Is 15 a factor of g?
False
Let z(v) = -v**2 + 9*v - 13. Let c be z(6). Suppose -5*m + c + 0 = 0. Suppose 2 + m = p + 5*a, -3*p = 2*a - 74. Does 7 divide p?
True
Let m = -76 - -188. Is 8 a factor of m?
True
Let f = -473 - -621. Does 3 divide f?
False
Suppose -692 = -3*t + 226. Does 18 divide t?
True
Let u = 209 + 153. Suppose 4*a + 3*h - u + 56 = 0, 4*h + 320 = 4*a. Is 13 a factor of a?
True
Let m(k) = 8*k**2. Suppose 4*v = -26 + 6. Let q = 3 + v. Does 32 divide m(q)?
True
Let f(a) = -a**3 + 11*a**2 + 8*a + 14. Is f(11) a multiple of 3?
True
Suppose 4*n + 0*n - 8 = 0. Suppose n*i + 3*c - 48 = 0, i + c = 2*c + 34. Is 13 a factor of i?
False
Let y(k) = 47*k**2 + 8*k - 3. Let n be y(3). Suppose 0*t - 4*t + n = 0. Is 39 a factor of t?
False
Suppose -8*f + 2967 - 175 = 0. Does 60 divide f?
False
Suppose -654 + 66 = 4*v. Let c = -79 - v. Is c a multiple of 17?
True
Suppose 4*g + 5*d - 1452 = 2*d, -2*g + 700 = -5*d. Is 24 a factor of g?
True
Suppose 0 = -3*g + 4*o + 14666, -19564 = -0*g - 4*g - 4*o. Does 23 divide ((-1)/(-3))/(-3 + g/1629)?
False
Let m = -132 + 137. Is 15/6*12/m a multiple of 6?
True
Let l be (-1*(-40)/(-4))/(-2). Let x be (l*-1)/(18 + -19). Suppose 3*q - 4*p - 127 = 0, -p + 235 = x*q + 4*p. Does 15 divide q?
True
Is 0 + 194 - (35 - 33) a multiple of 6?
True
Let j(s) = 11 + s + 1 + 2. Let c be j(11). Does 10 divide c*-12*1/(-10)?
True
Suppose -5*g = 3*u - 2*g - 231, 0 = -5*u + 4*g + 394. Is (-6)/(-9)*u - 0 a multiple of 26?
True
Let c = 114 - 39. Is 8 a factor of c?
False
Let c = -44 - -46. Suppose 0*o + 63 = w - o, 4*w - 258 = -c*o. Is 15 a factor of w?
False
Let s(l) = 17*l**3 - l - 2. Let i be s(-1). Is 32794/342 - ((-4)/i)/(-2) a multiple of 24?
True
Is 13 a factor of 23*7 + 264/33?
True
Let j(d) = d**3 + 6*d**2 - 12*d - 14. Does 12 divide j(-6)?
False
Let l be -1 + 40/(0 + 4). Suppose l = 5*i - 1. Let h(s) = 6*s**2 - 3*s. Does 9 divide h(i)?
True
Suppose 13 = -8*q + 5*q + 2*x, 3*x = 6. Let f be (q + 36/10)*5. Suppose f*j = 49 + 11. Is 10 a factor of j?
True
Let o = -15 + 20. Suppose -5*t - 160 = -o*a, 3*t - 18 - 26 = -a. Let b = a + -12. Is b a multiple of 23?
True
Suppose 0 = -g - s + 41, 2*g = -g - s + 113. Suppose -9 - g = -5*o. Is 9 a factor of o?
True
Let a = 3750 - 323. Is 50 a factor of a?
False
Let z = -534 + 948. Is z a multiple of 6?
True
Let b(a) = -230*a - 168. Does 44 divide b(-8)?
True
Let p(d) = 16*d + 4. Let w be p(3). Suppose t - w = -4. Is t a multiple of 12?
True
Suppose 3*w - 4*i = 0, -2*w + 2*i + 3 = 1. Suppose j + t = w*t + 3, 4*j + 5*t - 12 = 0. Suppose 5*n - 43 = -3*m, -2*n - j*m = -6*n + 29. Does 2 divide n?
True
Let n be (-80)/(-36) - (-6)/(-27). Suppose -18 = t - n*t. Is 6 a factor of t?
True
Let b(k) = 6*k + 5. Let y(f) = -4*f - 3. Let j(v) = 5*b(v) + 7*y(v). Let i be j(9). Is 5 a factor of 3/(-18)*i*-6?
False
Let t(m) = 2*m**2 + m - 2. Let y be t(-2). Let n(x) = -x**3 + 8*x**2 - 4. Does 4 divide n(y)?
True
Suppose -2968 = 23*g - 7384. Is 8 a factor of g?
True
Suppose 3*h - 9 = 3*k, 14 = -0*k + 2*k + 3*h. Let g(l) = -5*l**2 - 4*l - 5. Let v be g(5). Is 3*k - v/5 a multiple of 7?
False
Let c = -1838 - -2872. Is c a multiple of 32?
False
Let p(t) = t. Let x(b) = 2*b**2 + 13*b - 8. Let j(m) = -3*p(m) + x(m). Let v be j(-8). Suppose -3*f + v = 2*f. Is f a multiple of 6?
False
Let x(t) be the second derivative of t**7/72 + t**5/120 - t**4/2 + 3*t. Let y(o) be the third derivative of x(o). Is y(-1) a multiple of 18?
True
Let o(j) = 29*j**3 - 33*j**3 - 2 + 1 - 3*j**2 + 5 - j. Is o(-2) a multiple of 8?
False
Let s be ((-64)/12)/(14/(-147)). Let j be -1*2*(-1)/(-1). Does 24 divide j/(-7) + 1328/s?
True
Suppose 6*c = -1502 + 4646. Is 17 a factor of c?
False
Let u(y) = y**3 + 5*y**2 + 2*y - 5. Let g be u(-4). Let d = 192 + -190. Suppose -5*t + 111 = g*x, -t + 2*x + 13 = -d*x. Is 7 a factor of t?
True
Suppose f - 3*f = 5*d - 239, -3*d - 348 = -3*f. Let c = f + -91. Is c a multiple of 2?
True
Does 44 divide -1*5/2*-28?
False
Suppose 37*y + 55 = 38*y. Does 11 divide y?
True
Suppose 0 = -21*b + 19*b + 90. Suppose -p = -0 - b. Is 13 a factor of p?
False
Suppose 16 = -4*l, x - 2*l - 87 - 80 = 0. Does 13 divide x?
False
Let f(n) = -n + 16. Let d be f(13). Let c(y) = -2*y**2 + y - 3. Let z be c(d). Let b = 9 - z. Is 7 a factor of b?
False
Let m = -50 + 65. Suppose 13*n + 276 = m*n. Does 23 divide n?
True
Let j(m) = -m**2 - 6*m. Let a be j(-5). Let d(l) = -3*l**3 + 5*l**3 - 16 + l + 4 - 7*l**2 + 0*l**3. Does 34 divide d(a)?
True
Suppose -19*i + 12738 = -14717. Is 71 a factor of i?
False
Suppose 247*n - 2720 = 239*n. Does 17 divide n?
True
Let s(i) = i**2 + 8*i - 5. Let f be (-55)/6 + 2/12. Is s(f) a multiple of 4?
True
Let m = -318 - -563. Suppose 4*g = -2*y + 250, -2*y = 9*g - 6*g - m. Does 32 divide y?
False
Let y = -8 - -8. Suppose 0 = -y*l + 5*l - 550. Is 16 a factor of l?
False
Let z = 19 - 20. Let f(r) = 20*r**2 - r. Is f(z) a multiple of 17?
False
Suppose 0 = -228*g + 227*g + 1078. Is g a multiple of 11?
True
Suppose -4*y - 2*j = -4*j + 26, 4*j = 5*y + 40. Let s(d) = 5*d**2 - 2*d - 4. Does 10 divide s(y)?
False
Let i = -13 - -17. Suppose t - 28 = -2*w, -w = -0*w + i. Does 18 divide t?
True
Let y(q) be the third derivative of 0*q + 0 - 1/60*q**5 - 11/24*q**4 + 7/6*q**3 + 4*q**2. Is y(-11) a multiple of 7?
True
Suppose -1528 = -0*q - 2*q. Suppose 0 = 8*i - 4*i - q. Let d = i - 136. Is d a multiple of 10?
False
Suppose 6566 = -h + 15*h. Does 30 divide h?
False
Let c = -308 + 892. Is c a multiple of 17?
False
Let r(h) = 3*h**2 - 5*h + 2. Let g be r(2). Suppose 2*t + 88 = -5*a + 488, a + g*t = 80. Is a a multiple of 10?
True
Does 33 divide (-12471)/(-6) - (-5 + (-99)/(-22))?
True
Suppose w - 4 = -2*q - 19, -65 = 5*q - 3*w. Let f be (-26)/q + 6/(-10). Suppose -f*h = -35 - 3. Does 17 divide h?
False
Let h(x) = x**2 - 5*x - 21. Let o be h(7). Suppose -3*m = l - 195, l = m + 4*l - 65. Let j = m - o. Does 18 divide j?
True
Let d(n) = -3*n**3 - 2*n**2 - n + 6. Let g be -4 + 4/(12/3). Is 9 a factor of d(g)?
True
Let m be 4/(-6)*(-3)/(-6)*0. Suppose m = -4*w - p + 768, -2*w - p = w - 576. Is 32 a factor of w?
True
Suppose 0*w + 5*w = 0, -4*j - 4*w = -2448. Is j a multiple of 50?
False
Suppose -12*y + 6*y = -30. Suppose -5*w + 2*m = -57, 4*w + 6*m = y*m + 43. Does 11 divide w?
True
Suppose 4*m + 51 - 17 = -2*x, -3*x = 3. Let o(i) = i**3 + 8*i**2 - 9*i - 12. Let y be o(m). Suppose y = 9*g - 6*g. Does 6 divide g?
False
Suppose -2*o = 2*r + 18, 4*r + 5*o - 4*o = -39. Does 3 divide (-1 - -10)*(r + 14)?
True
Let s(b) = 2*b**2 - 8*b + 5. Let z(y) = -6*y**2 + 25*y - 16. Let h(c) = 7*s(c) + 2*z(c). Is h(9) a multiple of 37?
True
Let y(m) = -61*m - 22. Is 37 a factor of y(-4)?
True
Suppose -4*t + 14 - 1 = -5*v, -3*t = 3*v -